termine f(q).
19
Let g be 66/176 - (-138)/16. Let n(s) = -s**3 + 9*s**2 - 3*s + 6. Determine n(g).
-21
Let v(b) be the first derivative of 2*b**3/3 - 5*b**2 + 7*b + 43440. Suppose 6*g = g + 25. Give v(g).
7
Let z(b) = 6*b - 41. Let h be (-8)/((-360)/(-90) + (-32)/6). Determine z(h).
-5
Let p(m) = -8*m + m**3 - 227 + 231 - 2*m**2 + 3*m. Suppose 3*z + q - 15 = -2*q, -4*z - 3*q + 18 = 0. Determine p(z).
-2
Let k(q) = -3*q - 8. Let j be (2/4)/(101/1212). Give k(j).
-26
Let s(n) = -2 - n**2 + 3 + 3 - 6*n. Suppose -54*a - 275 = -59*a. Suppose -65 = 30*g + a. Give s(g).
12
Let w = -99 - -75. Let b = w - -24. Suppose -4*v = -4*i - 28, b = 3*i + 2*v + 25 - 4. Let g(t) = -t - 12. Give g(i).
-5
Let x(m) be the third derivative of 23*m**4/24 + m**3/2 + 16*m**2. Let c be x(-3). Let l be (-10)/25 - (-1 - c/(-15)). Let i(q) = -q. Determine i(l).
-5
Let y(p) = -p**3 + p**2. Let n be y(2). Let a(o) = -2*o**2 - 15*o - 67. Let c(u) = -u**2 - 7*u - 28. Let j(w) = -3*a(w) + 7*c(w). What is j(n)?
5
Let f(p) = -p + 2. Let w(a) = -a**2 - 34*a - 212. Let l be -5 + (-9)/3 + -3*6. Let q be w(l). Give f(q).
6
Let p be 0 + 0 - (-2 - -1). Let s(z) = 10655 - 31968 + 4*z + 10657 + 10656. Give s(p).
4
Let i = -47 - -51. Suppose -5*o + 2*o + i*a + 30 = 0, -2*a = o. Let p(s) = -s**2 + 7*s - 6. Calculate p(o).
0
Let a(m) = -m - 25. Let g = -215 + 217. Suppose 521 = g*q + 543. Give a(q).
-14
Let d(w) be the second derivative of w**4/12 + 13*w**3/6 - 2*w**2 - 2*w. Suppose -5*q = -o - 29 + 61, -4*q - 75 = 3*o. What is d(o)?
-4
Let b(a) be the first derivative of -a**5/30 + a**4/6 - 47*a**3/3 - 16. Let i(j) be the third derivative of b(j). Let f = -59 - -64. Give i(f).
-16
Suppose 0 = -33*i - 233 + 332. Let f(d) = 5*d**2 - 11*d - 8. Calculate f(i).
4
Suppose -8*w - 24 = -11*w. Suppose -5*r - 6*i - 10 = -i, r - w = 4*i. Let s(u) = 3*u**3 + 42 - u - 49 - 4*u**3. Calculate s(r).
-7
Let b(s) be the first derivative of 4*s**3/3 - 47*s**2/2 - 13*s - 236. What is b(12)?
-1
Let p(y) be the first derivative of -1/3*y**3 - 9/2*y**2 - 61 - 4*y. Determine p(-11).
-26
Let b = -209 - -212. Let q(i) = -b*i + 4*i + 55*i**2 + 36*i**2 - 73*i**2. Suppose 0 = -4*t + y - 0*y + 4, -y = 0. Calculate q(t).
19
Suppose -63*o + 68*o + 5*i + 55 = 0, 5*i + 34 = 2*o. Let a(u) = 4*u**3 + 14*u**2 + 4*u - 6. Give a(o).
0
Let o(g) = -g**3 + 7*g**2 + 8*g + 4. Let f = -524 - -488. Let r be -15*20/f - (-17)/(-51). Determine o(r).
4
Suppose -2*i - 2*h - 2*h = -12, 9 = -i + 3*h. Let c be (-4 + i - -3) + 3. Let j(s) = -c*s + 3*s - 2*s. Calculate j(2).
-2
Let m(k) = -k**3 - 12*k**2 + 12*k - 8. Suppose 0 = -18119*r + 18152*r + 429. Give m(r).
5
Let p = 21 - 18. Let k(t) be the third derivative of t**4/8 - t**3/2 - 3*t**2 + 398*t. What is k(p)?
6
Let d(c) be the third derivative of 6*c**2 - 1/24*c**4 + 2/3*c**3 + 0*c + 5. Calculate d(5).
-1
Let v(z) = 5*z - 42. Let s be v(10). Let c(g) = 12*g + 0*g - 7*g + g**3 - 9 - s*g**2 - 2*g. Give c(8).
15
Let f be (-1 + 9/5)/(66/165). Let u(c) = -67*c**2 - c**3 + 64*c**f - 5 + 6 - 4*c + 2*c**3. Suppose 19 = 5*p + s, -1 - 3 = 4*s. What is u(p)?
1
Suppose 78*v - 76*v - 34 = -3*y, -20 = -5*y. Let w(n) = -4*n + 33. Calculate w(v).
-11
Let d(j) be the third derivative of j**4/4 - 10*j**3 + 2*j**2 - 2866. Determine d(14).
24
Let y = -114 - -109. Let v be (-13)/y - ((-24)/10 - -2). Let f(b) = 3*b + 4. Give f(v).
13
Let n be (-85)/(-5)*-2 - (-6 + 10). Let h = 31 + n. Let p(m) = -m**3 - 7*m**2 - 6. Calculate p(h).
-6
Suppose 0 = 172*x - 162*x + 80. Let s(n) = -5*n**2 - 17*n + 6*n + 5 - 4*n + n**3 + 11*n**2. Determine s(x).
-3
Let d(h) = -3*h - 75. Let r be d(-26). Let v(m) = 133*m**2. Let a be v(-1). Let u(j) = -a*j**3 - r*j + 132*j**3 + j - 5 + 7*j + 3*j**2. Determine u(4).
-1
Let o(t) = t + 63. Let l be o(-17). Suppose -l*y = -54*y - 40. Let z(x) = 3*x + 6. Determine z(y).
-9
Let q(g) = 340 - 333 + 2*g - 2*g + 5*g + 3*g. What is q(3)?
31
Let n be (45/(-12))/((-9)/24). Let b(g) be the first derivative of -g**3/3 + 9*g**2/2 + 6*g - 87. Give b(n).
-4
Let d be (1 - 3) + 13*-1. Let v = -12 - d. Let r be (-6*10/45)/((-2)/v). Let n(w) = -w + 4. Give n(r).
2
Suppose -2*u + 0*a - 10 = -3*a, 0 = 3*u - 4*a + 12. Let r(g) be the first derivative of g**3 - g - 1/4*g**u + 6 + 3/2*g**2. Calculate r(3).
8
Let k(l) = -2*l**2 - 13*l. Let a(s) = -s**2 + 37*s + 34. Let b be a(31). Let i = -226 + b. Determine k(i).
6
Let c be (-3)/5 + 24/40. Let o be (0 - -6) + c/28. Let y(p) = p**2 - 9*p - 4. Give y(o).
-22
Suppose -18 + 88 = 14*z. Let m = z - 4. Let r(u) = -5*u + 5*u - 1 + u. Determine r(m).
0
Let d(o) be the second derivative of 7*o**3/6 - 33*o**2/2 + 1565*o. What is d(4)?
-5
Let j(x) = -x**2 + 9. Let u(q) = 50*q - 54. Let o be u(1). Determine j(o).
-7
Let h be 37/5 + (-2)/5. Suppose l - h = 2. Let v(i) be the third derivative of -i**6/120 + 3*i**5/20 + i**4/24 - i**3/6 - 7*i**2 + 56305. What is v(l)?
8
Suppose 767*w - 72 = 785*w. Let n(x) = -x**2 - 7*x - 33. Determine n(w).
-21
Suppose 0 = -3*j + 2 + 25. Let d(m) = -27*m - 9. Let y(i) = -14*i - 4. Let l(p) = j*y(p) - 4*d(p). Suppose -734*t = -731*t + 3. Calculate l(t).
18
Let q be 16/(-14) + 140/(-630) + 40/(-63). Let c(k) = -k**3 - 2*k**2 - 1. What is c(q)?
-1
Let i be 164/(-369) + (-56)/36. Let s(f) = -f**2 + 23*f + 46. Calculate s(i).
-4
Let j(i) = -i - 11. Let k(w) = -8*w + 111. Let x(a) = -2*j(a) + k(a). What is x(21)?
7
Let u(m) be the first derivative of -m**4/4 - 19*m**3/3 + 21*m**2 + 10*m - 1488. Determine u(-21).
10
Let v(t) be the first derivative of t**6/120 + 2*t**5/15 - 3*t**4/8 + 7*t**3/6 + t**2 + t + 64. Let k(z) be the second derivative of v(z). Determine k(-9).
7
Let c(j) = -j**2 - 13*j - 17. Let f be c(-8). Let l(q) = -q**2 + 25*q - 45. Let g be l(f). Let m(s) = s**2 - 2 + 2*s**3 + 1 + 0*s**2 + s + 0*s. Calculate m(g).
3
Let b be (-374)/(-1309) - (-2 + 100/7). Let h(n) = -n**3 - 13*n**2 - 17*n - 12. Determine h(b).
48
Suppose -4*h + 648 = -66*h - 46*h. Let u(o) = o**2 + 6*o + 3. What is u(h)?
3
Let d(h) = -27*h - 6. Let j be d(-1). Let c(m) = -28*m + 29*m + 42 - j. Determine c(-9).
12
Suppose -4*q + 278 = 3*g, -20*q + g + 215 = -17*q. Let p = -63 + q. Let v(x) = -x**2 + 6*x + 7. Calculate v(p).
-9
Suppose d - 2*x - 6 = 3*d, 0 = 5*x + 15. Suppose -8*h + h = d. Suppose -2*p - p = h. Let f(q) = -q**2 + q + 5. Give f(p).
5
Suppose 4*u = -0 - 12. Let n(o) = o**3 - 3*o + 3. Give n(u).
-15
Let g = 4065 - 4069. Let d(h) = 2*h**3 + 7*h**2 - 8*h - 16. Give d(g).
0
Let x(v) = v**3 + 7*v**2 + 2*v + 18. Let c be x(-7). Suppose 27 - 39 = -c*y. Let p(a) = 101*a**3 - 41*a**y - 51*a**3 - 1. What is p(1)?
8
Let f = 12 - 4. Suppose -5*y = d + d - 488, 5*d + 4*y - 1220 = 0. Let j(c) = -c**3 + 8*c**2 + 122 - d - c + 121. Calculate j(f).
-9
Let j(r) = -15*r - 13. Let w = 13409 + -13407. Determine j(w).
-43
Suppose -20 = -7*l + 3*l. Suppose o = -3*k + 73, 4*k - 66 = -2*o + 74. Let i(r) = -o + r**2 - 2*r - 2*r + 62. Calculate i(l).
3
Let g(f) = 14*f**2 - 2*f - 1. Suppose -62*x - 5*c = -63*x - 37, -13 = 3*x - c. Determine g(x).
59
Let b be 292/20 + 2/5. Let d(j) = 5*j + b*j - 23*j + 4*j + 7. Determine d(-5).
2
Let a(u) = -2*u + 9 + 0*u + u. Suppose 32*s = 31*s + 3. Suppose -s*i + 42 = -5*x, -4*x - x - 24 = -i. What is a(i)?
0
Suppose -4*b = -0*b - 3*q, -16 = -4*q. Let s(h) = 2 + 10 + 1893*h - 1904*h - 8*h**2 + h**b. What is s(9)?
-6
Let l(m) = 8*m**2 - 8*m - 3. Let u = -15115 - -15112. Give l(u).
93
Let y(h) = -7*h**3 + 50*h**2 - 16*h + 55. Let f(s) = -s**3 + 7*s**2 - 2*s + 8. Let t(m) = 30*f(m) - 4*y(m). Calculate t(6).
-28
Let l be (-9)/(-126) - (-18)/189. Let r(j) be the second derivative of 7/2*j**2 + j + 0 + l*j**3. Give r(6).
13
Let b(l) be the first derivative of 60 + 1/2*l**2 - 12*l. Give b(10).
-2
Let b(a) be the first derivative of a**4/4 - 14*a**3/3 + 6*a**2 + 9*a - 15. Suppose 54 = 2*f + 28. What is b(f)?
-4
Let c be ((-31)/(-11) - 3) + (-35)/(-11). Let z(l) = -140*l + 139*l - 48 + 48 + 7*l**c. Calculate z(-1).
-6
Let n(a) = 190*a + 576. Let w be n(-3). Let h(k) = 10*k - 72. Determine h(w).
-12
Let p(d) be the third derivative of -d**5/60 + d**4/12 + d**3/3 - 4*d**2. Suppose 7*k - 21 = 42. Suppose 17*j - 14*j = k. Calculate p(j).
-1
Let b(g) = g**3 + 6*g**2 - 3*g + 23. Let d(l) = 7*l - 98. Let i be d(13). Give b(i).
-5
Let v = 89 + -70. Suppose -17